q) = 493*q + 39. List the prime factors of n(2).
5, 41
Suppose 70 = 4*y - 3*z - 41, -4*z = 5*y - 100. Suppose -4*c = 4*u - y, -3*c = -0*c + 2*u - 16. Suppose -18 - 26 = -c*w. What are the prime factors of w?
11
Suppose 7*f + 93 = 1157. List the prime factors of f.
2, 19
Let v(j) = 145*j - 66. List the prime factors of v(6).
2, 3, 67
Suppose -8116 = -34*m - 976. What are the prime factors of m?
2, 3, 5, 7
Let f(m) = -m**3 + 6*m**2 - 4*m. Let a be ((-10)/(-15))/((-2)/(-15)). Let q be f(a). What are the prime factors of 16/6*45/q?
2, 3
Suppose -4*y + 7*y - 672 = 0. Suppose -244 = 4*v + y. List the prime factors of (4/(-6))/(6/v).
13
Suppose 8600 + 3843 = 4*l - 5*b, -4*b = -2*l + 6226. What are the prime factors of l?
13, 239
Let l = 45 - 21. Let y be 104/l - (-4)/6. Suppose 0 = -d - y*o + 40, 0*d = -4*d + 5*o + 35. List the prime factors of d.
3, 5
Let n(m) be the first derivative of -m**6/360 + m**5/24 + 5*m**4/24 - m**3/3 - 8. Let f(r) be the third derivative of n(r). List the prime factors of f(4).
3
Let f = 1327 - 699. What are the prime factors of f?
2, 157
Let m(a) = -2*a + 4. Let b be m(11). Let d = b - -18. Suppose 3*r - 5*r + 26 = d. What are the prime factors of r?
13
Let d be -1 + 1 - (-50)/5. Let u(p) = 16*p - 26. What are the prime factors of u(d)?
2, 67
Suppose 6 = -0*p - 2*p, 2*n - p = 9. Suppose 5*x + 83 = 3*z + 4, 3*z - n*x = 75. List the prime factors of z.
23
Let i(r) = -r**2 + 24*r + 57. Let g be i(26). Suppose 6*v - g*v - 314 = -3*w, v = 2*w - 206. What are the prime factors of w?
2, 13
Suppose -2*b - 3*f - 71 = 0, b + 3*f - 84 = 4*b. Suppose 0 = 2*n, 5*p - 85 = -n + 6*n. Let y = p - b. List the prime factors of y.
2, 3
Let p be 4 + -4 + 1 + -2. What are the prime factors of (-2946)/(-42) + p/7?
2, 5, 7
Suppose 0 = -3*u + 3*b + 2 + 22, 3*u + 5*b = -16. Suppose u*v - 111 - 67 = -5*c, -166 = -3*v + c. List the prime factors of v.
2, 7
Let l(j) = -j**3 + 5*j**2 - 5*j + 6. Let n be l(4). Suppose n*s + 3*o = 337, 2*s + 2*o = 301 + 35. Let v = s + -117. What are the prime factors of v?
2, 5
Let i(j) = 1. Let r(c) = c**3 - 8*c**2 - 5*c - 3. Let m(o) = 5*i(o) - r(o). Let v be m(8). What are the prime factors of (5 + -6)/((-2)/v)?
2, 3
Suppose -9*w = -5*w + 5*l + 3, -l = w. Let a(p) = 25*p - 29. List the prime factors of a(w).
2, 23
Suppose 2*a + 0*a = -26. Let s = a + 13. Suppose 4*h - 212 + 44 = -5*z, s = 2*h - 4. What are the prime factors of z?
2
Let a(i) = i**3 + 5*i**2 - i + 9. Let d be a(-5). Suppose 0 = 2*t + d - 38. List the prime factors of t.
2, 3
Let n(j) = j**3 - 2*j**2 + 2*j - 2. Let r be n(2). Suppose -2*y + 4 = 0, -r*f - 2*f + y = -2. List the prime factors of f - 3 - -52 - 2.
2, 3
Suppose -3*d + 21 = 15. Suppose 5*q = -2*a + 118, 0*q - 130 = -d*a + q. What are the prime factors of a?
2
Let t(q) = 7*q - 2. Let w be t(1). Let h = -1 + w. What are the prime factors of 3 - h - (-17 - 0)?
2
What are the prime factors of 2 + (4/10)/(20/18350)?
3, 41
Let m be 0 + -9 + -2 + 1. What are the prime factors of (1/((-6)/238))/(m/30)?
7, 17
Suppose 5*d - 4*r = d + 808, -5*d + 3*r + 1006 = 0. Let z = d + -43. What are the prime factors of z?
157
Let j be 2/6*(0 + -39). Let p = -10 - j. Suppose g - 40 = -2*f, 4*f - p = 13. List the prime factors of g.
2
Let w(n) = 7*n + 4. Let u be w(-2). Let g(p) = 2*p**2 + 13*p + 5. Let f be g(u). Suppose 0 = -0*d + 3*d - f. What are the prime factors of d?
5
Let q(v) = -16*v**3 + v**2 + 2*v - 4. Let j be q(2). Let o = j - -345. What are the prime factors of o?
13, 17
Let h = -80 - -83. Suppose -2*p = -p, 720 = h*v + 5*p. List the prime factors of v.
2, 3, 5
Suppose 3 = 5*z - 2*a - 17, -4*z + 5*a + 33 = 0. Let o = z - -101. What are the prime factors of o?
103
Let z = -3168 + 4321. List the prime factors of z.
1153
Let n(t) be the second derivative of -t**5/20 - t**4/12 + t**3/3 + 3*t. List the prime factors of n(-3).
2, 3
Let v(h) = -2*h**3 - 9*h**2 + 12*h + 14. List the prime factors of v(-7).
5, 7
What are the prime factors of (-115 - -113) + 454/2?
3, 5
Let u(s) = 227*s - 2. Let w be u(1). Suppose w = -17*z + 20*z. List the prime factors of z.
3, 5
Suppose -3*y - 2*y = w - 368, -4*w = 4*y - 1392. What are the prime factors of w?
7
Let a(s) = s**2 - 3*s + 9. Let o be a(3). Let u = o + 6. What are the prime factors of u?
3, 5
Let k = 61 + -30. Let s = k - -22. What are the prime factors of s?
53
Suppose 2*p + 110 = 4*p. Let d = 135 - 105. Let g = p - d. List the prime factors of g.
5
Suppose -23*j = 26*j - 44443. What are the prime factors of j?
907
Suppose 5*z + 18 = -u - 3*u, -u = -z. Let m(r) = 4*r**3 + 2*r**2 - 3*r - 2. Let j be m(z). Let t = 29 + j. List the prime factors of t.
3
Let w(q) = 13*q**2 + 9 + 18*q**2 - 44*q**2 + 14*q**2. What are the prime factors of w(5)?
2, 17
Let i = 18 - 13. Suppose i*v - 3*n - 217 = 0, -5*n + 3 = -2. List the prime factors of v.
2, 11
Let f = 16 - -515. What are the prime factors of f?
3, 59
Let h = -472 - -1746. What are the prime factors of h?
2, 7, 13
Let u(o) = 9*o - 2. Let a be u(2). Let f be 3/(-12) + 868/a. Suppose -f = -p - p. What are the prime factors of p?
3
Let z(d) = -161*d + 583. List the prime factors of z(-17).
2, 5, 83
Let n(l) = -15*l**3 - 4*l**2 - 5*l - 14. What are the prime factors of n(-4)?
2, 11, 41
Suppose l = -31*w + 33*w + 2981, -3*l + 8922 = w. What are the prime factors of l?
5, 7, 17
List the prime factors of (13768/12)/(((-2)/3)/(-2)).
2, 1721
Let p be -3*(-4)/3 + 1. Suppose -2*w = -3*w + p. List the prime factors of w.
5
Let u = -35 + 37. Suppose 3*q = 2*a - 32, 0*a - u*q = -3*a + 38. List the prime factors of a.
2, 5
Let l(d) = 0 + 1 + 0 - 3 + 5*d - d**3 + 7*d**2. What are the prime factors of l(5)?
73
Let t(s) = s**2 - 17*s - 27. Let p be t(-13). Let i = p - 241. What are the prime factors of i?
2, 61
Let n = 462 - 668. Let p = 64 - n. List the prime factors of p.
2, 3, 5
Suppose 5*w - 6164 = -4*b + 2*w, 0 = -2*b - w + 3084. List the prime factors of b.
2, 193
Let b(y) = -8*y + y**2 + 2 - 7 + 11*y. Suppose 0*s = 4*c - s + 19, 5*c + 25 = s. List the prime factors of b(c).
13
Suppose -20*z = -10237 - 923. What are the prime factors of z?
2, 3, 31
Let w(a) = -a**3 - 36*a**2 + 21*a + 62. List the prime factors of w(-37).
2, 3, 109
Let h be (-3)/18*(-616)/(-2)*-3. Let o = 211 - 150. Suppose -4*d - h = -3*l, -2*l + o = -4*d - 35. What are the prime factors of l?
2, 29
Suppose -2*f = -6753 + 4733. What are the prime factors of f?
2, 5, 101
Let m = 215 + -209. What are the prime factors of m?
2, 3
Let z(h) = 1 + 6*h - 18 + 1 + 5 + 2*h**2. Let j be z(-8). Suppose 0 = -a - 4*o + 23, 0*a = 3*a + o - j. What are the prime factors of a?
23
List the prime factors of (-166320)/(-294) - (-2)/7.
2, 283
Let p(b) = 3*b**2 + 7*b - 9. Let t be p(6). Let r = t + -64. Let j = r + -38. List the prime factors of j.
3, 13
Let l = 30 - 4. Let c be 9/6*l/3. Suppose 3*x + h = 19, 3*x - 2*h - c = 3*h. List the prime factors of x.
2, 3
Let m(j) = -5*j + 14. Let l(b) = -b**3 - 5*b**2 - 2*b - 2. Let z be l(-4). What are the prime factors of m(z)?
2
Let k(g) = -g + 53 - 100 + 45. Suppose 2*s - 4*y + 22 = 0, s = -y - 2 - 0. What are the prime factors of k(s)?
3
Let b = 4968 + -3284. List the prime factors of b.
2, 421
Let g = -669 + 1099. List the prime factors of g.
2, 5, 43
Suppose -5*n + 19 = -2*u, -2*u + 0*u - 2*n = -16. Let w(o) = o + 1. Let t(z) = 7*z + 4. Let g(p) = u*w(p) - t(p). List the prime factors of g(-9).
5, 7
Let z be (-1)/4 - (-30)/(-40) - -126. Suppose -5*r + 10*r - z = 0. List the prime factors of r.
5
Let k(j) = -j**2 + 2*j + 11. Let c be k(-6). Let b = c + 79. What are the prime factors of b?
2, 3, 7
Let v(z) = 25*z + 95. What are the prime factors of v(11)?
2, 5, 37
Let v = -22 - -33. Suppose 3*g - v = 61. Suppose -2*u - 3*z + 12 = -0*u, 0 = -4*u - 3*z + g. What are the prime factors of u?
2, 3
Suppose 2*s + 79 = -5*f, s - 1 = -3. Let a(p) = 3*p**2 + 28*p + 13. List the prime factors of a(f).
2, 67
Let c be ((-10)/(-15))/(4/162). Suppose 0 = l + 9 - c. What are the prime factors of l?
2, 3
Suppose -2*a + 33 = 5*x, x + 5*a - 40 = -3*x. Suppose 52 = 2*b + 3*t - 175, 2*t = x*b - 615. What are the prime factors of b?
11
Let p(z) = 18*z - 24*z - 1 - 14*z. Suppose -5*t = -2 + 7. List the prime factors of p(t).
19
What are the prime factors